d) = 45547*d + 3568. Is g(5) a composite number?
True
Suppose q + 1304 = -v + 14810, 0 = 3*q - v - 40534. Suppose -4*k - p + 8120 = -k, 5*k - 3*p = q. Is k a composite number?
True
Let i(d) = -d**3 - d**2 - d + 3. Let y be ((-9)/18)/(1/4). Let w be i(y). Let p(v) = 69*v + 8. Is p(w) composite?
True
Suppose 0 = -3*u - 6827 + 18158. Let m = u - -1836. Is m composite?
True
Suppose 3*c = 2*x - 18134, -10*c + 13*c - 45335 = -5*x. Let s = -5160 + x. Is s composite?
False
Suppose -5*r - g + 35 = 0, -g - 14 = -r - r. Suppose 5600 = r*q - 1106. Suppose -5*a + 15 = 0, 2*a = -w - a + q. Is w a prime number?
False
Let h(p) = 720*p**3 - 14*p**2 - 11*p + 114. Is h(7) a prime number?
False
Suppose 0 = -2*g + 3*s + 34840, -5*s = -g + 11420 + 6021. Is g composite?
True
Let w(u) = 35*u - 31. Let y(r) = 3*r**3 + 7*r**2 - 15*r + 3. Let p(o) = -o**3 - 3*o**2 + 7*o - 2. Let x(v) = 5*p(v) + 2*y(v). Let l be x(2). Is w(l) prime?
False
Suppose -80 = -z - 15*z. Suppose z*c = 11*c - 2802. Is c a prime number?
True
Let b(r) = -124 + 152 - 92 - 847*r. Is b(-9) composite?
False
Let v = 76732 - 10905. Is v a composite number?
False
Is (25 - -480921)*(-3 - 7/(-2)) a prime number?
True
Let i(c) = 39152*c + 3935. Is i(31) a composite number?
False
Suppose -22*r = -37*r - 4*r + 274189. Is r prime?
True
Suppose -6*s - 4330 = -430. Let q = -1616 - s. Let v = q + 1969. Is v prime?
False
Let n = -38 - -40. Suppose 0 = -n*c - 4*p + 568, -c = -5*c - 4*p + 1156. Suppose -4*k - c = -802. Is k a composite number?
False
Let f(p) = 31 + 15*p + 11 - 10*p. Let g be f(-8). Suppose x - 5*i = 1566, -4*x + 3127 = -g*x - 5*i. Is x composite?
True
Is (37787646/91 - 11/(-77)) + (-2 - -6) a composite number?
False
Let z(n) be the second derivative of n**5/20 + 5*n**4/12 - 13*n**3/6 + 9*n**2/2 - 23*n. Let x be z(-7). Is (0 + 3/x)*1702/111 a composite number?
False
Let o(f) = 174*f**3 + f**2 - 6*f - 49. Let v be o(6). Suppose 5*h - 9311 = -y, -5*y + 2*h + v = -9020. Is y prime?
True
Suppose -10 = -2*v, -3*a + 0*v = 3*v - 429897. Is a a prime number?
False
Suppose 0 = 4*z + 3*z - 28. Suppose 3*w = 3*j - 9, 4*j - z - 14 = 2*w. Suppose j*c = 9*c - 1737. Is c a composite number?
True
Is (-5656063)/(-95) - 4/10 - 4/38 prime?
False
Let x(u) = 1. Let r(b) = -3*b + 35. Let f(k) = -r(k) - 3*x(k). Let v be f(14). Suppose 6*s = -v*s + 910. Is s composite?
True
Let s(n) = -5*n**3 - 2*n**2 + 3*n - 11. Let i(r) = 6*r**3 + r**2 - 4*r + 10. Let d = 62 - 57. Let g(a) = d*s(a) + 4*i(a). Is g(-8) prime?
False
Let o(n) = -2*n**2 + 6*n + 4. Let h be o(5). Let w = h + 18. Suppose 0*b - 5*i = w*b - 777, 2*i + 2 = 0. Is b a composite number?
True
Suppose -15*o + 374370 = 3*t - 18*o, -2*o - 124787 = -t. Is t composite?
False
Let q = -28 + 52. Is 19408/q - 2/(-6) a composite number?
False
Suppose 3*m - 216081 = 4*q, -12*q = 2*m - 9*q - 144037. Is m prime?
False
Let l be (4/3)/(1 - (-364)/(-372)). Let z = l + -60. Suppose z*a = -3*m + 332, -m + 491 = -0*a + 3*a. Is a prime?
True
Let v be (-36)/9 - (9/3 + -2). Is (-4)/v - (-863652)/60 a composite number?
True
Let n(o) be the third derivative of -o**6/40 - o**5/20 - 5*o**4/24 + o**3 + 19*o**2. Let r be n(-6). Suppose 0 = 3*t - r - 57. Is t a composite number?
False
Let c(v) = v**2 + v**3 - 10 - 14*v**2 + 3*v + 3*v**2. Let x be c(13). Suppose -5*r - 5*i + 84 + x = 0, 3*r - 375 = -2*i. Is r composite?
False
Let d(y) = y**2 + 3753. Let p be d(0). Let h = -1604 + p. Suppose -16*n + h = -9*n. Is n a composite number?
False
Let a = 14098 - 3980. Is a a composite number?
True
Suppose 6357 = 4*o - 5835. Let s = o - -115. Suppose -k = -3*w + s + 1247, -w + 4*k + 1459 = 0. Is w prime?
True
Suppose 17*a - 1647085 = -38*a. Is a a composite number?
False
Suppose 0 = 3*l + 21694 - 104254. Let q = l + -17409. Is q a prime number?
True
Let a(n) = 2*n - 16. Let c be a(9). Suppose -c*k - 2*z = -32, 0 = 5*k - 5*z + 5 - 105. Is 43078/26 - k/(-117) composite?
False
Let i(f) = -11 + f**3 + 6*f + 1080*f**2 + 9*f - 1066*f**2. Is i(-8) a prime number?
False
Let h be 0 - (12/3 - -3 - 4). Is (-15440)/h + (-7)/(-21) prime?
True
Suppose 0 = 17*l - 12*l + 3*g - 38775, 0 = 3*l + 3*g - 23271. Suppose -l = -10*o - 1442. Is o composite?
False
Let l(q) = 436*q**3 + 5*q**2 - 6*q - 14. Let n be l(-5). Let v = n - -101520. Is v prime?
True
Suppose 104924 = -16*p + 280300. Is p prime?
False
Let z = -24 + 37. Suppose z = -5*p + 18. Suppose -r - p = -4. Is r a composite number?
False
Suppose -4*g - 2*j + 28 = 0, -6*j - 9 = -5*g - 2*j. Suppose 17380 - 53795 = -g*c. Is c prime?
True
Suppose 160*d = 584560 + 497200. Is d composite?
False
Let p(g) = 17*g + 544. Let u be p(-29). Let f(y) = -10*y**3 + 5*y**2 + y. Let v be f(-4). Let c = v + u. Is c prime?
False
Let s = -373 + 373. Suppose 5*z + c - 79707 = s, -4*z - 4*c = -0*c - 63772. Is z prime?
False
Let t(x) = 16*x**2 - 37*x + 1. Let j be t(3). Suppose -j*a + 6995 = -29*a. Is a a prime number?
True
Let j(s) = s**2 - 9*s - 11. Let r(l) = 2*l**3 - 30*l**2 + 2*l - 20. Let f be r(15). Let v be j(f). Is v/(-8) - (-1415)/8 a prime number?
False
Let s = 117308 - 39057. Is s prime?
False
Is (-19 + 230218 - (-5 + (3 - 2)))/1 a composite number?
False
Let m = 30 + -26. Let l(k) = 10*k**2 + 8*k - 10. Let c be l(m). Let w = 739 - c. Is w prime?
True
Let o be ((-660)/275)/(2/(-5)). Is (-4 + 8)/(o/9327) a prime number?
False
Suppose 6*o = 4*o + 16. Suppose -o*v - 315 = 421. Let b = 779 - v. Is b a prime number?
False
Let f = 39733 - 14210. Is f a composite number?
False
Is ((-5108824)/6)/(-7) + (-1)/(-3) a prime number?
False
Is (-1094407)/((-32)/(-32) + (-4)/2) prime?
True
Suppose 0 = -61*f + 62*f - a - 854264, -2*f + 1708486 = 4*a. Is f a prime number?
True
Let b = -26062 - -43481. Let i(p) = -p**2 - p + 8377. Let k be i(0). Suppose 4*u - k = b. Is u prime?
True
Let v be ((-8)/4 - -4)/((-1)/(-2)). Suppose 75 = 5*l - 5*y, -v*y + y = -9. Suppose 13*o + 8795 = l*o. Is o a composite number?
False
Let z be -4*(-4)/(-6)*5268/(-32). Let q = z - -883. Is q a composite number?
True
Suppose 0 = b - 197 + 195, -4*b = 5*i - 4631683. Is i a composite number?
True
Let u = 607 - 603. Suppose 2*o - 16603 = -y, 32 - 20 = u*o. Is y prime?
False
Suppose -8*l + 4*l + 16 = 0. Let y be 2766 - ((l - 8) + 3). Suppose -3499 = -13*c + y. Is c a prime number?
False
Let p(g) = 57*g**3 - g + 5. Suppose 5*j + 83 = 98. Is p(j) composite?
True
Let c(r) = r**2 + 14*r + 26. Let a be c(-12). Is (-66 + 67)*12434/a composite?
False
Suppose -k - k + 12931990 = 8*k. Is k a prime number?
True
Let l be 10/(-3 + 7 - 3). Suppose l*u = 8*u + 8. Suppose u*t - 1374 = 12854. Is t composite?
False
Let w(h) = -303*h - 94. Is w(-1) a prime number?
False
Suppose 14*b + 28*b - 727944 = 0. Suppose 33*r - 37*r + b = 0. Is r a composite number?
True
Let q(t) = -989*t. Suppose 5*w - 3*y = -3, -3*w + y - 1 = 4. Let n be (w - 0/4) + 2. Is q(n) a composite number?
True
Let a be 7/7 + (-23 - -4). Is (-3)/a + 12332/24 composite?
True
Let r(k) = 750*k**3 + 2*k**2 - 50*k + 259. Is r(5) prime?
True
Is -1*24397*(0/(-2) + 213 + -214) a prime number?
False
Let t = 28 - 23. Suppose u + 2*j = 2, -3*u - 2*u + 10 = t*j. Suppose 0 = -2*d, u*g - 3*g + 3*d = -111. Is g a composite number?
True
Let l(z) = 598141*z**2 - 46*z. Is l(-1) a composite number?
False
Let q(v) = 79*v - 28*v - 20 - 18*v. Let s be q(9). Let d = s + -156. Is d a prime number?
False
Suppose 4*y = 2*l + 6*y - 12920, 4*l + 5*y = 25840. Let w(d) = -53*d**3 + d**2 - d + 4. Let p be w(3). Let x = l + p. Is x a prime number?
True
Let v(w) = 2*w**2 + 15*w + 10. Suppose 4*s = -2*s - 42. Let j be v(s). Is (1 + -344 - j)*7/(-2) prime?
False
Suppose -5*p - 4 + 19 = 0. Let v be ((-18)/(-15))/(p + 16/(-5)). Is (337/(-1))/(5 + v) a prime number?
True
Suppose -t + 3 = -4*q, -q + 68*t + 3 = 69*t. Suppose -5*k + 2*s = -13525 - 4780, q = -2*k + 2*s + 7328. Is k a composite number?
False
Let f(a) = a**2 + 2*a - 33. Let u be f(-16). Is (u/6)/(12/72) composite?
False
Is 213070 + (-8 - (-12 + 5)) prime?
False
Suppose -9694 - 7658 = 2*p. Let c = p + 26209. Is c composite?
True
Suppose 5*p - m = 3*p - 1, -2*m = p - 12. Suppose 8*x - 4*x - 5*q - 10883 = 0, -x = p*q - 2711. Suppose x = 4*i - 967. Is i a prime number?
False
Suppose -2*b + 4*u = -4, 5 = -2*b - u + 34. Suppose -3*w = -b, -2*w - 1945 = -3*h + 